- -a7?
13aa
In base 6, what is 113215502 + 4?
113215510
In base 15, what is 2 + -3ce54?
-3ce52
In base 6, what is -204221 + -1?
-204222
In base 7, what is -206651 - 1?
-206652
In base 7, what is 6 - -13422?
13431
In base 9, what is 4 + -16364?
-16360
In base 7, what is -1222 + 2?
-1220
In base 10, what is -17 + -4926?
-4943
In base 15, what is c - -7947?
7954
In base 10, what is 5 - 857380?
-857375
In base 8, what is -3 - 1312777?
-1313002
In base 5, what is 2440 + -2141?
244
In base 12, what is -20 + 879?
859
In base 13, what is 83c - 3b4?
458
In base 16, what is -1 - 19a4?
-19a5
In base 9, what is -2 - 56654?
-56656
In base 12, what is -13 - 711?
-724
In base 2, what is 101011100010101110110110 + 0?
101011100010101110110110
In base 5, what is -4 - -30231?
30222
In base 15, what is 2827 - 1?
2826
In base 13, what is -104069 - -4?
-104065
In base 10, what is 13 - -229208?
229221
In base 2, what is -100011010101 + -1100?
-100011100001
In base 11, what is -16a5 + 110?
-1595
In base 9, what is 27 + -202?
-164
In base 6, what is -345314 - -4?
-345310
In base 11, what is 225a + 13?
2272
In base 12, what is 107 + 19718?
19823
In base 12, what is -164 + -1506?
-166a
In base 14, what is 35ba + 2c?
3608
In base 5, what is 4 - 4121231?
-4121222
In base 13, what is 17561c0 + -3?
17561ba
In base 9, what is 11767 + -13?
11754
In base 11, what is -2 + 27a6?
27a4
In base 5, what is 323141 - -2?
323143
In base 7, what is -133 + -1355?
-1521
In base 2, what is 1111 - -1101101010?
1101111001
In base 6, what is 2 - 205341?
-205335
In base 14, what is 11d - -d8c?
10ab
In base 12, what is 20 + 188?
1a8
In base 16, what is -1 - -3627?
3626
In base 9, what is 57 + 2004?
2062
In base 16, what is -884 + -1fe?
-a82
In base 7, what is 3322 + 12025?
15350
In base 6, what is -4 + 210310?
210302
In base 12, what is 9486a - -6?
94874
In base 3, what is -2012100211 + 102?
-2012100102
In base 7, what is 2002565 - -1?
2002566
In base 11, what is -1056 - 876?
-1921
In base 15, what is 5 - 182c52?
-182c4c
In base 8, what is 3421 - -2?
3423
In base 11, what is 3 - 28337?
-28334
In base 2, what is -1010101 + 110001?
-100100
In base 10, what is 506 + -127?
379
In base 10, what is -709747 + -1?
-709748
In base 3, what is -12 + 22112011120?
22112011101
In base 4, what is -1 + -1130211?
-1130212
In base 13, what is -9b960 + 3?
-9b95a
In base 11, what is -12 + -74461?
-74473
In base 11, what is -57080 + -3?
-57083
In base 12, what is -3 + 3843ab?
3843a8
In base 4, what is -3 + -222122?
-222131
In base 6, what is 245 + -12100?
-11411
In base 11, what is -5575 - -43?
-5532
In base 8, what is -2773 - -40?
-2733
In base 9, what is 5 + -63444?
-63438
In base 4, what is 3 - -23331030?
23331033
In base 8, what is 36 - 10720?
-10662
In base 2, what is -11001001000100 + -1001?
-11001001001101
In base 4, what is 0 + -10212133?
-10212133
In base 14, what is 7cb - 1?
7ca
In base 3, what is -11110211002 + -12?
-11110211021
In base 12, what is -1 + 145352?
145351
In base 10, what is -165 - -6722?
6557
In base 15, what is 5a5 - -558?
b0d
In base 5, what is -4 + 2232132?
2232123
In base 2, what is 1000 - 10110111001?
-10110110001
In base 9, what is 1073358 - 5?
1073353
In base 12, what is 39245 - 2?
39243
In base 9, what is 7 + -205?
-187
In base 13, what is -3 - 1bb691?
-1bb694
In base 8, what is -22 + 22272?
22250
In base 16, what is 1 - -2301?
2302
In base 14, what is 4 + 4cc4?
4cc8
In base 5, what is 4311012 + 3?
4311020
In base 11, what is -32125 - -5?
-32120
In base 16, what is -8d - -c4?
37
In base 6, what is 4354150 + 2?
4354152
In base 5, what is -2144003 + 10?
-2143443
In base 6, what is -1 + -155203?
-155204
In base 10, what is -210 - 1025?
-1235
In base 5, what is 10443000 + -10?
10442440
In base 15, what is -42e2 - 63?
-4355
In base 2, what is 1 + 1010000111100110110?
1010000111100110111
In base 13, what is -23 + c3b?
c18
In base 4, what is -130 - 11321113?
-11321303
In base 16, what is -185 + -e3a?
-fbf
In base 2, what is -11000 - 1101111010110?
-1101111101110
In base 2, what is 1001 + -11001010100?
-11001001011
In base 10, what is -42623 - 3?
-42626
In base 14, what is 19 + 157b9?
157d4
In base 11, what is 2753a - -1?
27540
In base 5, what is -30 - 210003?
-210033
In base 5, what is -2 + -113030?
-113032
In base 4, what is -11311101 + -111?
-11311212
In base 4, what is 12021 - 2302?
3113
In base 13, what is a8920 + 0?
a8920
In base 8, what is 5042 - -77?
5141
In base 5, what is -22 - 11404430?
-11410002
In base 2, what is -1001111111000111 + 11111?
-1001111110101000
In base 6, what is 4330 + 2534?
11304
In base 5, what is -33042020 + -3?
-33042023
In base 4, what is 213200 + -11?
213123
In base 13, what is -3c + 3b7?
378
In base 10, what is 102409 + -2?
102407
In base 6, what is 31303112 + -1?
31303111
In base 9, what is 54653 - 1?
54652
In base 15, what is -1910 - 99?
-19a9
In base 16, what is 1 + 493ce?
493cf
In base 5, what is 24 + -3013?
-2434
In base 12, what is -823b - 22?
-8261
In base 4, what is 30110322312 - 11?
30110322301
In base 11, what is 89 + -599?
-510
In base 6, what is 3 - 1450501?
-1450454
In base 15, what is -e70b9 + -2?
-e70bb
In base 14, what is -5132 - -5?
-512b
In base 7, what is -1261 - -62066?
60505
In base 16, what is -2 + e9?
e7
In base 12, what is -47b97 - -5?
-47b92
In base 11, what is -13 - -31801?
31799
In base 14, what is 32a1d + 0?
32a1d
In base 15, what is -192a4 + 3?
-192a1
In base 10, what is 208950 + -1?
208949
In base 10, what is 37 - -26833?
26870
In base 5, what is 142022044 - -2?
142022101
In base 14, what is 7d557 - -5?
7d55c
In base 10, what is -369 + -186?
-555
In base 16, what is -43 + -6?
-49
In base 4, what is -201 + 2121?
1320
In base 3, what is -202211 + 10021010?
2111022
In base 8, what is -70456 - -2?
-70454
In base 4, what is -3312212 + 2?
-3312210
In base 2, what is 101001001 - -111010?
110000011
In base 8, what is 31047 - -55?
31124
In base 14, what is 20 - 7b3?
-793
In base 7, what is 233206 + -15?
233161
In base 3, what is 10000212210 - -201?
10000220111
In base 10, what is 1 - -261?
262
In base 6, what is 115 - 343340?
-343221
In base 6, what is -4 + 204302?
204254
In base 4, what is -1 - 330323133?
-330323200
In base 6, what is 1210 + -20302?
-15052
In base 14, what is 4d68 + 1a?
4d84
In base 13, what is 3 + -369a4?
-369a1
In base 2, what is 1001 - -1000000000000101?
1000000000001110
In base 3, what is 1 - -100120112?
100120120
In base 3, what is -10122012102 + 20?
-10122012012
In base 13, what is -84 + -227?
-2ab
In base 16, what is -90 + 141f?
138f
In base 4, what is -1030310 - 30?
-1031000
In base 10, what is -75 - 14512?
-14587
In base 6, what is -24101253 - 2?
-24101255
In base 10, what is 4 + 10395?
10399
In base 16, what is 1 + a0a8?
a0a9
In base 16, what is -4 + cb1?
cad
In base 13, what is -3 - -1051c?
10519
In base 8, what is -564663 - -2?
-564661
In base 8, what is -145217 + 77?
-145120
In base 6, what is 4315 + -3032?
1243
In base 13, what is 1 - -2ab99?
2ab9a
In base 8, what is -177655 + 6?
-177647
In base 9, what is 26 + -11205?
-11168
In base 9, what is 4 + 740372?
740376
In base 2, what is -111 - 1110011111110?
-1110100000101
In base 14, what is 5 - -4b0a?
4b11
In base 3, what is 1 + 120002022?
120002100
In base 5, what is 211420 + -1?
211414
In base 10, what is 48006 - -10?
48016
In base 2, what is 10 + 100011001111010010011?
100011001111010010101
In base 12, what is 15b - -1a?
179
In base 7, what is -423 - -6625?
6202
In base 4, what is 21 - 1322100?
-1322013
In base 4, what is -1 + -1332033?
-1332100
In base 12, what is -4622 + 1?
-4621
In base 16, what is -5 + 196?
191
In base 12, what is 3 + -2ab517?
-2ab514
In base 16, what is e - 3e0d?
-3dff
In base 6, what is 0 - 35454?
-35454
In base 12, what is 30846 + 3?
30849
In base 3, what is 22202202 - -1010010?
100212212
In base 14, what is 72 - -9c0?
a52
In base 8, what is -170 - 353?
-543
In base 13, what is 4cb6a2 - -4?
4cb6a6
In base 15, what is -25de + 6?
-25d8
In base 7, what is -11 - -25411?
25400
In base 9, what is 115315 - -4?
115320
In base 2, what is -100010101 - 101000001?
-1001010110
In base 13, what is 2137 + -32?
2105
In base 7, what is -104 - 1635?
-2042
In base 12, what is 16706 - 2?
16704
In base 13, what is -2 - 31777?
-31779
In base 6, wha